 + h + 1. Let a be 4 + -2 + 1 + -3. Let o be g(a). Let d(t) = 6*t + 1. Calculate d(o).
7
Let b = 1 + 1. Let c(i) = 3*i + 2*i**2 - i + b + 0*i**2. Determine c(-2).
6
Let z be (-10)/6 - (-2)/3. Let t be 0 + 2 + z + 2. Let p(s) = s**2 - 2*s + 2. Calculate p(t).
5
Let t(l) = l**2 - l + 4. Let c be t(2). Let f(m) = -3*m + 2. What is f(c)?
-16
Suppose -8 = -5*j + 12. Let v(k) = k + 2. Let x(s) = -2*s - 3. Let d = -2 - 1. Let l(c) = d*v(c) - 2*x(c). Calculate l(j).
4
Let h(a) = -2*a. Let g be (-15)/10 - 11/(-2). Let s(k) = k**2 - g + 3 + 5 + k. Let d be s(0). Determine h(d).
-8
Let q(a) = a**2 + a - 2. Let b(d) = -d - 3. Let w = 3 + -8. Let v be b(w). Calculate q(v).
4
Let r be 7 + ((-3)/(-3) - 3). Let a be 3/(r/(15/9)). Let m(q) = -q + 1. Calculate m(a).
0
Let m(j) = 30*j + 7 - 9*j - 25*j + j**2. Determine m(5).
12
Let w(t) be the second derivative of -t**4/12 - 4*t**3/3 - 7*t**2/2 - 9*t. Give w(-7).
0
Suppose 5*g = 10, -2*g - 33 = -5*f + 73. Let k(b) = f*b**2 - b**3 + 2 - 4*b - 2 - 17*b**2. What is k(4)?
0
Let r be (0/(-7 + 3))/(-1). Let v = -10 - -1. Let i be v/(-3) + 0 + r. Let k(d) = d**3 - 4*d**2 + 5*d - 2. Give k(i).
4
Suppose 3*w + 30 = 5*w. Let q be -5*(-3 - (-54)/w). Let b be -4 - -2 - q/3. Let u(d) = -d - 1. Calculate u(b).
0
Let w(y) = y**3 - y**2 - y - 2. Let f be ((-6)/(-1))/(-2) - (5 - 8). Calculate w(f).
-2
Suppose -2*m + 0 = 10. Let c(j) = -j. What is c(m)?
5
Suppose -2 = 5*n + 8. Let r be -5*(1 + n + 0). Let t(c) = -c**2 + 3*c. Give t(r).
-10
Let q = -2 + 6. Let p(f) = -2*f - f**3 - 4*f**2 + 0*f + q*f + 5. Let x = -10 + 6. Give p(x).
-3
Let g(b) be the second derivative of 4*b + 0 - 1/12*b**4 + 3/2*b**2 - 1/6*b**3. Determine g(0).
3
Let v(u) = 2*u**3 - 2*u**2 - 3*u + 3. Suppose -a + 3*a + 2*l + 2 = 0, 0 = -2*a + l + 7. Give v(a).
5
Let w(z) = -z**3 - 3*z**2 - 2*z. Let m be w(-3). Let v be (-2)/3 + (-2)/m. Let u(h) = 5*h - h + 1 + h. Calculate u(v).
-4
Suppose -k + 5*b - 2 = 0, -3*b = -4*k + k - 6. Let d(w) be the second derivative of -5*w**4/12 - w**3/2 + 10*w - 9. Calculate d(k).
-14
Let l(b) = -b - 7. Let s(g) be the third derivative of -g**6/120 - 3*g**5/20 - g**4/4 + 11*g**3/6 + 3*g**2. Let k be s(-8). What is l(k)?
-2
Suppose -1 = -i - c, 4*c - 8 = -4*i - c. Suppose 2*y + 18 = 4*k, -3*y - 22 + 9 = k. Let w(r) = -2*r**2 - k + 4*r - r**3 + 0 - r + 5. Calculate w(i).
3
Let i(w) = -w - 6. Let m(g) = 4*g - 23. Let f be m(4). What is i(f)?
1
Let l(t) = -t - t + 0 - 1 + t**2. Let h(r) = -4*r**2 + 5*r + 3. Let q(m) = -2*h(m) - 7*l(m). Let c(w) = -5*w**3 + w - 1. Let z be c(1). Determine q(z).
6
Let q(g) = 6*g - 15. Let j(t) = 3*t - 7. Let c(a) = 5*j(a) - 2*q(a). Calculate c(-4).
-17
Let r(i) be the first derivative of i**4/4 + i**3 - 2*i**2 - 4*i - 1. Calculate r(-4).
-4
Suppose 4*m + 0 = -4. Let w(y) = 7*y**3 + y**2 - 4*y - 5. Let h(f) = -7*f**3 - f**2 + 3*f + 4. Let p(r) = 5*h(r) + 4*w(r). Calculate p(m).
7
Let b = -2 + 0. Let s = 3 - 1. Let n(g) = -g**3 + 2 - s*g - 2*g + 3*g - 4*g**2. Determine n(b).
-4
Let a(h) = 3*h - 13. Let d(x) = -x + 6. Let k(v) = 3*a(v) + 7*d(v). Calculate k(-2).
-1
Let h(l) = l + 37 - 37. Calculate h(4).
4
Let u(h) = -11 - 3 + 15 + 6*h. Calculate u(1).
7
Let h(z) = -z**3 + z**2 + 4*z - 3. Suppose -4*g - 20 = -4*j, -j - 2*j - 5*g - 1 = 0. Calculate h(j).
-9
Suppose 3*p = 9*p - 30. Let u(v) = 2*v - 9. Determine u(p).
1
Let x(m) = 0 - 4 + m + 1. Determine x(0).
-3
Let o be 15*(-1)/(2 + -3). Let v(j) = -o*j**2 + 3*j + 14*j**2 + 11*j**3 - 1 - j. Determine v(1).
11
Let k(f) = f**2 - 5*f + 1. Let j(x) = x + 5. Let s be j(0). Let y be k(s). Let m(i) = -i**3 + 2*i - 1. Give m(y).
0
Let p = 1 - 0. Let t(s) = 10*s**2 + 10*s**2 - 10*s**2 + p. Determine t(1).
11
Suppose -2*y = 5*z - 23, -3*z - 2*y = -14 - 3. Let m = 10 + -7. Let g(a) = 6*a - 7. Let x(b) = -3*b + 4. Let o(n) = m*g(n) + 5*x(n). Give o(z).
8
Suppose -r + 4*r - 75 = 3*m, 26 = r - 2*m. Suppose -r = 2*y - 6*y + 5*z, 4*y - 3*z = 16. Let k(g) = -3*g + 2*g + 6*g. What is k(y)?
5
Let r(h) = -h + 2. Let v(i) = -i**3 + 7*i**2 + i - 7. Suppose 0 = 5*o + 4*z - 31, 2*o - z = o + 8. Let b be v(o). Let t be 2/1 + (b - -2). Give r(t).
-2
Let f be (24/(-20))/(4/(-10)). Let n(x) = 0*x + x**3 - x**2 + x + 6*x**f. Let c = 3 + -2. Determine n(c).
7
Let q(r) = 7 - 2*r + 0 - r**2 - r + 7*r. Determine q(5).
2
Let b(w) = -13*w + 9*w - 3 + 10*w. Calculate b(3).
15
Let q(c) = -6*c - 1. Let l = 6 + -4. Calculate q(l).
-13
Let z(h) = h**2 + 5*h + 1. Let b = 7 + -9. What is z(b)?
-5
Let x = -1 - 0. Let c(m) = 25*m**3 - m**2 + 5. Let z(k) = 27*k**3 - k**2 + 6. Let i(b) = -5*c(b) + 4*z(b). Calculate i(x).
17
Let o = -11 - -8. Let c(x) = 2*x - 1. Calculate c(o).
-7
Let s(f) = -4*f**2 + f + 1. Let q be 1/(-3 + 30/9). Let z = -4 + q. Calculate s(z).
-4
Let a(q) = q**3 - 14*q**2 + 13*q + 8. Let u be a(13). Let t(v) = -v**2 + 7*v + 3. Give t(u).
-5
Let v(y) = y + 1. Let t(n) = 3*n + 6. Let z(x) = -t(x) + 4*v(x). Let o(g) = g**2 + 7. Let a be o(0). Let s = 5 - a. Give z(s).
-4
Suppose -5*j = 4*o - 24, 4*j - 4 = 3*j. Let i(l) = -7*l**3 - 2*l**2 + l. Determine i(o).
-8
Let m(t) = -t**2 - 12*t - 18. Let i be m(-10). Let f(u) = -2*u + 3 - 2*u - 2*u. Calculate f(i).
-9
Let d(u) = u - 5. Let r(p) = -p + 16. Let y = 24 + -12. Let f be r(y). Determine d(f).
-1
Let q(w) = -2*w + 1. Let a be (-1 - 0)/((-10)/20). Determine q(a).
-3
Let m(u) be the third derivative of -13*u**6/120 + u**5/60 + u**4/24 + u**3/6 - 2*u**2. Calculate m(-1).
14
Let p(z) = 3. Let v(f) be the second derivative of f**3/6 + 8*f**2 - 3*f. Let l(y) = 5*y - 1. Let j be l(-2). Let g(k) = j*p(k) + 2*v(k). Determine g(3).
5
Suppose 0 = 2*t - 3 + 5. Let m(j) = 5*j - 7. Let h(k) = -k + 1. Let r(g) = t*m(g) - 4*h(g). Give r(-4).
7
Let i(o) = -2 + 1 - 6*o + 2 - o**2 + 4. What is i(-7)?
-2
Let f(r) = -11*r - 31. Let b(z) = -5*z - 15. Let d(m) = -9*b(m) + 4*f(m). Let n be d(-6). Let x(k) = -k**2 + 6*k + 3. Determine x(n).
8
Let z(d) = 8*d - 1. Let s(q) = 2*q**3 - 2*q**2 + 3*q - 2. Let h be s(1). Determine z(h).
7
Let m be (5 - 4)/(1*-1). Let w(r) = -26*r**3 + 6*r + 6. Let z(o) = -5*o**3 + o + 1. Let h(f) = 2*w(f) - 11*z(f). Give h(m).
-3
Let u(g) = 6*g**2. Let i be (-1)/(-1) + (-1 - -2). Let d(s) = 4 - 4*s - 3*s**3 + 0 - 6*s**i + 2*s**3. Let t be d(-5). What is u(t)?
6
Let x(m) = -m**2 - 9*m - 4. Let u(s) = 2*s**2 + 19*s + 8. Let w(b) = 3*u(b) + 7*x(b). Calculate w(-5).
1
Let l be (3/9)/(3/27). Let t(p) = -p + 7*p**2 - 2 + 3*p - 3*p**2 - l*p**2. Determine t(2).
6
Let i be (20/(-50))/((-1)/(-10)). Suppose -5*m - 3*r + r = -2, 14 = m - 3*r. Let h(b) = b - 3*b + b**2 - m*b**2. Give h(i).
-8
Let f(y) = -y. Suppose 3*j = 3*q - 9, 0*q - 5*q = 4*j - 33. Give f(j).
-2
Let s(d) = 3*d**2 - 58*d**3 + 7*d + 59*d**3 + 4*d**2 + 0 + 1. Calculate s(-6).
-5
Suppose 0 = 6*z - 2*z - 12. Suppose -r - 7 = p, 4*r - z*r - p = 1. Let i(b) = b**3 + 2*b**2 - 4*b - 1. Calculate i(r).
2
Let v(y) = y**3 + 9*y**2 + 11*y + 18. Let s be v(-8). Let h(p) = -p + 7. Give h(s).
13
Suppose 2*c + 0 = -2. Let k = 1 + c. Let g(l) = l**2 - l + 1. Calculate g(k).
1
Let l(n) = -6*n**3 - n. Let h(f) = f**3 - f**2 - 2*f - 1. Let t be h(0). What is l(t)?
7
Let h(o) = -o**2 - 2*o + 3. Let s(i) = i**2. Let b = 2 - 1. Let t(z) = b*h(z) + 2*s(z). Let c(v) = 3*v - 7. Let w be c(3). Determine t(w).
3
Let s(y) be the second derivative of y**5/20 + y**4/12 + 4*y**2 - 2*y. Let f be (-9)/15 + 3/5. Determine s(f).
8
Suppose -g - 2 = -4*l, 4*l + g - 1 = -3. Let x(j) be the first derivative of j**2/2 + 7*j + 202. Calculate x(l).
7
Let d(p) = 2*p**3 - 7*p**2 - 7*p - 4. Let q(h) = 3*h**3 - 8*h**2 - 8*h - 4. Let n(w) = 4*d(w) - 3*q(w). Calculate n(-3).
-1
Suppose 0*r - 5*r = 0. Let q(c) = 1 + r + c**2 - 3*c + 0*c**2. Let l(o) = -o**3 + 13*o**2 + 15*o - 12. Let x be l(14). Determine q(x).
-1
Let v be (-2)/5 + 128/20. Let t(g) = g**3 + 5*g - 7 + 4 + v*g**2 - 1. Give t(-5).
-4
Let q(z) = z - 2. Let s(f) = 4*f**2 + 1. Let t be s(1). Suppose 0 = -2*l + n + t, -2*l = -7*l - 2*n - 10. Let p be (l + -2 + 1)*0. Give q(p).
-2
Let s(g) be the first derivative of -2*g**3/3 - g**2/2 - 2. Suppose -3*c + 4*c + 2 = 0. What is s(c)?
-6
Let v(h) = -2*h**2 + 32*h - 23. Let g be v(15). Let c(u) = u**2 - 5*u - 9. What is c(g)?
5
Let z(b) be the third derivative of -b**6/120 + b**5/20 - b**4/8 + b**3/3 + 34*b**2. What is 